{"id":1436,"date":"2024-01-05T05:27:06","date_gmt":"2024-01-05T05:27:06","guid":{"rendered":"https:\/\/cactustour.com\/cactustour\/?page_id=1436"},"modified":"2025-07-02T09:11:19","modified_gmt":"2025-07-02T09:11:19","slug":"cactus-tour","status":"publish","type":"page","link":"https:\/\/cactustour.com\/cactustour\/cactus-tour\/","title":{"rendered":"Cactus Tour"},"content":{"rendered":"\t\t<div data-elementor-type=\"wp-page\" data-elementor-id=\"1436\" class=\"elementor elementor-1436\" data-elementor-post-type=\"page\">\n\t\t\t\t<div class=\"elementor-element elementor-element-be391f5 e-flex e-con-boxed e-con e-parent\" data-id=\"be391f5\" data-element_type=\"container\" data-e-type=\"container\">\n\t\t\t\t\t<div class=\"e-con-inner\">\n\t\t<div class=\"elementor-element elementor-element-36b0b51 e-flex e-con-boxed e-con e-child\" data-id=\"36b0b51\" data-element_type=\"container\" data-e-type=\"container\">\n\t\t\t\t\t<div class=\"e-con-inner\">\n\t\t<div class=\"elementor-element elementor-element-2d83400 e-con-full e-flex e-con e-child\" data-id=\"2d83400\" data-element_type=\"container\" data-e-type=\"container\">\n\t\t\t\t<div class=\"elementor-element elementor-element-6cfefc1 elementor-arrows-position-inside elementor-pagination-position-outside elementor-widget elementor-widget-image-carousel\" data-id=\"6cfefc1\" data-element_type=\"widget\" data-e-type=\"widget\" data-settings=\"{&quot;slides_to_show&quot;:&quot;1&quot;,&quot;navigation&quot;:&quot;both&quot;,&quot;autoplay&quot;:&quot;yes&quot;,&quot;pause_on_hover&quot;:&quot;yes&quot;,&quot;pause_on_interaction&quot;:&quot;yes&quot;,&quot;autoplay_speed&quot;:5000,&quot;infinite&quot;:&quot;yes&quot;,&quot;effect&quot;:&quot;slide&quot;,&quot;speed&quot;:500}\" data-widget_type=\"image-carousel.default\">\n\t\t\t\t<div class=\"elementor-widget-container\">\n\t\t\t\t\t\t\t<div class=\"elementor-image-carousel-wrapper swiper\" role=\"region\" aria-roledescription=\"carousel\" aria-label=\"Image Carousel\" dir=\"ltr\">\n\t\t\t<div class=\"elementor-image-carousel swiper-wrapper\" aria-live=\"off\">\n\t\t\t\t\t\t\t\t<div class=\"swiper-slide\" role=\"group\" aria-roledescription=\"slide\" aria-label=\"1 sur 5\"><figure class=\"swiper-slide-inner\"><img decoding=\"async\" class=\"swiper-slide-image\" src=\"https:\/\/cactustour.com\/cactustour\/wp-content\/uploads\/2024\/06\/P1210639-Grand.jpg\" alt=\"P1210639 (Grand)\" \/><\/figure><\/div><div class=\"swiper-slide\" role=\"group\" aria-roledescription=\"slide\" aria-label=\"2 sur 5\"><figure class=\"swiper-slide-inner\"><img decoding=\"async\" class=\"swiper-slide-image\" src=\"https:\/\/cactustour.com\/cactustour\/wp-content\/uploads\/2024\/06\/baleine-golfo-dulce.jpg\" alt=\"baleine-golfo-dulce\" \/><\/figure><\/div><div class=\"swiper-slide\" role=\"group\" aria-roledescription=\"slide\" aria-label=\"3 sur 5\"><figure class=\"swiper-slide-inner\"><img decoding=\"async\" class=\"swiper-slide-image\" src=\"https:\/\/cactustour.com\/cactustour\/wp-content\/uploads\/2024\/02\/plage-manzanillo3.jpg\" alt=\"plage manzanillo3\" \/><\/figure><\/div><div class=\"swiper-slide\" role=\"group\" aria-roledescription=\"slide\" aria-label=\"4 sur 5\"><figure class=\"swiper-slide-inner\"><img decoding=\"async\" class=\"swiper-slide-image\" src=\"https:\/\/cactustour.com\/cactustour\/wp-content\/uploads\/2024\/02\/Singe-Monteverde-1.jpg\" alt=\"Singe Monteverde\" \/><\/figure><\/div><div class=\"swiper-slide\" role=\"group\" aria-roledescription=\"slide\" aria-label=\"5 sur 5\"><figure class=\"swiper-slide-inner\"><img decoding=\"async\" class=\"swiper-slide-image\" src=\"https:\/\/cactustour.com\/cactustour\/wp-content\/uploads\/2024\/02\/famille-agalychnis-Nathan-grenouille.jpg\" alt=\"famille agalychnis Nathan grenouille\" \/><\/figure><\/div>\t\t\t<\/div>\n\t\t\t\t\t\t\t\t\t\t\t\t<div class=\"elementor-swiper-button elementor-swiper-button-prev\" role=\"button\" tabindex=\"0\">\n\t\t\t\t\t\t<svg aria-hidden=\"true\" class=\"e-font-icon-svg e-eicon-chevron-left\" viewBox=\"0 0 1000 1000\" xmlns=\"http:\/\/www.w3.org\/2000\/svg\"><path d=\"M646 125C629 125 613 133 604 142L308 442C296 454 292 471 292 487 292 504 296 521 308 533L604 854C617 867 629 875 646 875 663 875 679 871 692 858 704 846 713 829 713 812 713 796 708 779 692 767L438 487 692 225C700 217 708 204 708 187 708 171 704 154 692 142 675 129 663 125 646 125Z\"><\/path><\/svg>\t\t\t\t\t<\/div>\n\t\t\t\t\t<div class=\"elementor-swiper-button elementor-swiper-button-next\" role=\"button\" tabindex=\"0\">\n\t\t\t\t\t\t<svg aria-hidden=\"true\" class=\"e-font-icon-svg e-eicon-chevron-right\" viewBox=\"0 0 1000 1000\" xmlns=\"http:\/\/www.w3.org\/2000\/svg\"><path d=\"M696 533C708 521 713 504 713 487 713 471 708 454 696 446L400 146C388 133 375 125 354 125 338 125 325 129 313 142 300 154 292 171 292 187 292 204 296 221 308 233L563 492 304 771C292 783 288 800 288 817 288 833 296 850 308 863 321 871 338 875 354 875 371 875 388 867 400 854L696 533Z\"><\/path><\/svg>\t\t\t\t\t<\/div>\n\t\t\t\t\n\t\t\t\t\t\t\t\t\t<div class=\"swiper-pagination\"><\/div>\n\t\t\t\t\t\t\t\t\t<\/div>\n\t\t\t\t\t\t<\/div>\n\t\t\t\t<\/div>\n\t\t\t\t<\/div>\n\t\t<div class=\"elementor-element elementor-element-8f1e3a5 e-con-full e-flex e-con e-child\" data-id=\"8f1e3a5\" data-element_type=\"container\" data-e-type=\"container\">\n\t\t\t\t<div class=\"elementor-element elementor-element-0b8a085 elementor-widget elementor-widget-text-editor\" data-id=\"0b8a085\" data-element_type=\"widget\" data-e-type=\"widget\" data-widget_type=\"text-editor.default\">\n\t\t\t\t<div class=\"elementor-widget-container\">\n\t\t\t\t\t\t\t\t\t<p><img decoding=\"async\" class=\"alignnone size-full wp-image-3457\" src=\"https:\/\/cactustour.com\/cactustour\/wp-content\/uploads\/2024\/09\/00-Logo-Base-cactus-dbase-interne-3cm.png\" alt=\"\" width=\"236\" height=\"65\" \/> BY <img decoding=\"async\" class=\"alignnone  wp-image-2728\" src=\"https:\/\/cactustour.com\/cactustour\/wp-content\/uploads\/2024\/07\/latin-xplore-logo-png-300x143.png\" alt=\"\" width=\"138\" height=\"66\" srcset=\"https:\/\/cactustour.com\/cactustour\/wp-content\/uploads\/2024\/07\/latin-xplore-logo-png-300x143.png 300w, https:\/\/cactustour.com\/cactustour\/wp-content\/uploads\/2024\/07\/latin-xplore-logo-png-1024x487.png 1024w, https:\/\/cactustour.com\/cactustour\/wp-content\/uploads\/2024\/07\/latin-xplore-logo-png-768x366.png 768w, https:\/\/cactustour.com\/cactustour\/wp-content\/uploads\/2024\/07\/latin-xplore-logo-png.png 1309w\" sizes=\"(max-width: 138px) 100vw, 138px\" \/><\/p><p>Voyagez au <strong>Costa Rica, Panama, Nicaragua<\/strong><br \/><strong><a href=\"mailto: info@cactustour.com\">Informez-vous<\/a> <\/strong>sur de fabuleux pays d\u00b4Am\u00e9rique Centrale!<\/p><p><strong><a href=\"https:\/\/cactustour.com\/cactustour\/information\/\">Ici,<\/a> <\/strong>vous trouverez toutes les composantes de vos voyages au Costa Rica, s\u00e9jours au Panama et circuits au Nicaragua! Pour pr\u00e9parer vos vacances, et pour chacun de ces pays, d\u00e9couvrez Histoire, activit\u00e9s, faune, flore, vie culturelle, politique, \u00e9conomie\u2026<\/p><p>Faites-vous plaisir !!\u00a0 Avec\u00a0 <span style=\"text-decoration: underline;\"><span style=\"color: darkgreen; text-decoration: underline;\"><strong>Cactus<\/strong><\/span><span style=\"color: darkgrey; text-decoration: underline;\"><strong>Tour<\/strong><\/span><\/span> partez serein et revenez enchant\u00e9!<strong> Depuis 1994, nous sillonnons l\u2019Am\u00e9rique Centrale.<\/strong> Cette aventure nous la vivons pour notre plaisir et pour le votre! Fervents d<strong>\u2019originalit\u00e9 et de qualit\u00e9<\/strong>, nous dessinons tous les voyages, itin\u00e9raires et extensions dont vous r\u00eavez au Costa Rica, Nicaragua et Panama<\/p>\t\t\t\t\t\t\t\t<\/div>\n\t\t\t\t<\/div>\n\t\t\t\t<\/div>\n\t\t\t\t\t<\/div>\n\t\t\t\t<\/div>\n\t\t\t\t\t<\/div>\n\t\t\t\t<\/div>\n\t\t<div class=\"elementor-element elementor-element-d2c48b7 e-flex e-con-boxed e-con e-parent\" data-id=\"d2c48b7\" data-element_type=\"container\" data-e-type=\"container\">\n\t\t\t\t\t<div class=\"e-con-inner\">\n\t\t<div class=\"elementor-element elementor-element-2ab31a0 e-flex e-con-boxed e-con e-child\" data-id=\"2ab31a0\" data-element_type=\"container\" data-e-type=\"container\">\n\t\t\t\t\t<div class=\"e-con-inner\">\n\t\t\t\t<div class=\"elementor-element elementor-element-a08deac elementor-widget elementor-widget-text-editor\" data-id=\"a08deac\" data-element_type=\"widget\" data-e-type=\"widget\" data-widget_type=\"text-editor.default\">\n\t\t\t\t<div class=\"elementor-widget-container\">\n\t\t\t\t\t\t\t\t\t<p>Mais aussi<strong> des conseils, du v\u00e9cu et des recommandations!<\/strong> Nous mettons \u00e9galement \u00e0 votre disposition un large choix d\u00b4informations sur les logements et les transports, afin de vous donner la possibilit\u00e9 d\u2019\u00e9lire toutes les options dont vous r\u00eavez! Bref, la consultation de ce site vous permettra de r\u00e9ussir votre visite en <strong>pratiquant un Tourisme durable en Am\u00e9rique Centrale!<\/strong> Et ce, qu\u2019il s\u2019agisse d\u00b4un s\u00e9jour incentive, d\u00b4un voyage en groupe, d\u2019une formule individuelle, seul, en couple ou en famille!<\/p><p>\u00a0<\/p>\t\t\t\t\t\t\t\t<\/div>\n\t\t\t\t<\/div>\n\t\t\t\t\t<\/div>\n\t\t\t\t<\/div>\n\t\t\t\t\t<\/div>\n\t\t\t\t<\/div>\n\t\t<div class=\"elementor-element elementor-element-bcf6c44 e-flex e-con-boxed e-con e-parent\" data-id=\"bcf6c44\" data-element_type=\"container\" data-e-type=\"container\">\n\t\t\t\t\t<div class=\"e-con-inner\">\n\t\t\t\t<div class=\"elementor-element elementor-element-313c0dd dce_masking-none elementor-widget elementor-widget-image\" data-id=\"313c0dd\" data-element_type=\"widget\" data-e-type=\"widget\" data-widget_type=\"image.default\">\n\t\t\t\t<div class=\"elementor-widget-container\">\n\t\t\t\t\t\t\t\t\t\t\t\t\t\t\t<img fetchpriority=\"high\" decoding=\"async\" width=\"300\" height=\"234\" src=\"https:\/\/cactustour.com\/cactustour\/wp-content\/uploads\/2024\/09\/logodraw-invert-Small-300x234.png\" class=\"attachment-medium size-medium wp-image-3470\" alt=\"\" srcset=\"https:\/\/cactustour.com\/cactustour\/wp-content\/uploads\/2024\/09\/logodraw-invert-Small-300x234.png 300w, https:\/\/cactustour.com\/cactustour\/wp-content\/uploads\/2024\/09\/logodraw-invert-Small.png 558w\" sizes=\"(max-width: 300px) 100vw, 300px\" \/>\t\t\t\t\t\t\t\t\t\t\t\t\t\t\t<\/div>\n\t\t\t\t<\/div>\n\t\t\t\t\t<\/div>\n\t\t\t\t<\/div>\n\t\t<div class=\"elementor-element elementor-element-f061760 e-flex e-con-boxed e-con e-parent\" data-id=\"f061760\" data-element_type=\"container\" data-e-type=\"container\">\n\t\t\t\t\t<div class=\"e-con-inner\">\n\t\t<div class=\"elementor-element elementor-element-7d90588 e-flex e-con-boxed e-con e-child\" data-id=\"7d90588\" data-element_type=\"container\" data-e-type=\"container\">\n\t\t\t\t\t<div class=\"e-con-inner\">\n\t\t\t\t<div class=\"elementor-element elementor-element-8ea86d7 dce_masking-none elementor-widget elementor-widget-image\" data-id=\"8ea86d7\" data-element_type=\"widget\" data-e-type=\"widget\" data-widget_type=\"image.default\">\n\t\t\t\t<div class=\"elementor-widget-container\">\n\t\t\t\t\t\t\t\t\t\t\t\t\t\t\t<img loading=\"lazy\" decoding=\"async\" width=\"1024\" height=\"532\" src=\"https:\/\/cactustour.com\/cactustour\/wp-content\/uploads\/2024\/01\/cactustour_team_2012_01-1024x532.jpeg\" class=\"attachment-large size-large wp-image-1442\" alt=\"\" srcset=\"https:\/\/cactustour.com\/cactustour\/wp-content\/uploads\/2024\/01\/cactustour_team_2012_01-1024x532.jpeg 1024w, https:\/\/cactustour.com\/cactustour\/wp-content\/uploads\/2024\/01\/cactustour_team_2012_01-300x156.jpeg 300w, https:\/\/cactustour.com\/cactustour\/wp-content\/uploads\/2024\/01\/cactustour_team_2012_01-768x399.jpeg 768w, https:\/\/cactustour.com\/cactustour\/wp-content\/uploads\/2024\/01\/cactustour_team_2012_01-1536x798.jpeg 1536w, https:\/\/cactustour.com\/cactustour\/wp-content\/uploads\/2024\/01\/cactustour_team_2012_01.jpeg 1920w\" sizes=\"(max-width: 1024px) 100vw, 1024px\" \/>\t\t\t\t\t\t\t\t\t\t\t\t\t\t\t<\/div>\n\t\t\t\t<\/div>\n\t\t\t\t\t<\/div>\n\t\t\t\t<\/div>\n\t\t\t\t\t<\/div>\n\t\t\t\t<\/div>\n\t\t<div class=\"elementor-element elementor-element-6b3b89e e-flex e-con-boxed e-con e-parent\" data-id=\"6b3b89e\" data-element_type=\"container\" data-e-type=\"container\">\n\t\t\t\t\t<div class=\"e-con-inner\">\n\t\t<div class=\"elementor-element elementor-element-fafb326 e-flex e-con-boxed e-con e-child\" data-id=\"fafb326\" data-element_type=\"container\" data-e-type=\"container\">\n\t\t\t\t\t<div class=\"e-con-inner\">\n\t\t\t\t<div class=\"elementor-element elementor-element-7eed3ce elementor-widget elementor-widget-text-editor\" data-id=\"7eed3ce\" data-element_type=\"widget\" data-e-type=\"widget\" data-widget_type=\"text-editor.default\">\n\t\t\t\t<div class=\"elementor-widget-container\">\n\t\t\t\t\t\t\t\t\tPartir avec <span style=\"color: darkgreen;\"><strong>Cactus<\/strong><\/span> <span style=\"color: darkgrey;\"><strong>Tour<\/strong><\/span> c\u2019est voyager avec un partenaire confiance et une assistance 24\/24! Notre \u00e9quipe internationale, parle parfaitement fran\u00e7ais, espagnol, et anglais. Passionn\u00e9s du voyage, nous avons tous aussi en commun l\u2019amour de l\u2019Am\u00e9rique Centrale le go\u00fbt de ses activit\u00e9s et le souci de la qualit\u00e9!\t\t\t\t\t\t\t\t<\/div>\n\t\t\t\t<\/div>\n\t\t\t\t\t<\/div>\n\t\t\t\t<\/div>\n\t\t\t\t\t<\/div>\n\t\t\t\t<\/div>\n\t\t<div class=\"elementor-element elementor-element-2c88843 e-flex e-con-boxed e-con e-parent\" data-id=\"2c88843\" data-element_type=\"container\" data-e-type=\"container\">\n\t\t\t\t\t<div class=\"e-con-inner\">\n\t\t<div class=\"elementor-element elementor-element-5275081 e-flex e-con-boxed e-con e-child\" data-id=\"5275081\" data-element_type=\"container\" data-e-type=\"container\">\n\t\t\t\t\t<div class=\"e-con-inner\">\n\t\t<div class=\"elementor-element elementor-element-0aa352e e-con-full e-flex e-con e-child\" data-id=\"0aa352e\" data-element_type=\"container\" data-e-type=\"container\">\n\t\t\t\t<div class=\"elementor-element elementor-element-ef1c896 elementor-arrows-position-inside elementor-pagination-position-outside elementor-widget elementor-widget-image-carousel\" data-id=\"ef1c896\" data-element_type=\"widget\" data-e-type=\"widget\" data-settings=\"{&quot;slides_to_show&quot;:&quot;1&quot;,&quot;navigation&quot;:&quot;both&quot;,&quot;autoplay&quot;:&quot;yes&quot;,&quot;pause_on_hover&quot;:&quot;yes&quot;,&quot;pause_on_interaction&quot;:&quot;yes&quot;,&quot;autoplay_speed&quot;:5000,&quot;infinite&quot;:&quot;yes&quot;,&quot;effect&quot;:&quot;slide&quot;,&quot;speed&quot;:500}\" data-widget_type=\"image-carousel.default\">\n\t\t\t\t<div class=\"elementor-widget-container\">\n\t\t\t\t\t\t\t<div class=\"elementor-image-carousel-wrapper swiper\" role=\"region\" aria-roledescription=\"carousel\" aria-label=\"Image Carousel\" dir=\"ltr\">\n\t\t\t<div class=\"elementor-image-carousel swiper-wrapper\" aria-live=\"off\">\n\t\t\t\t\t\t\t\t<div class=\"swiper-slide\" role=\"group\" aria-roledescription=\"slide\" aria-label=\"1 sur 7\"><figure class=\"swiper-slide-inner\"><img decoding=\"async\" class=\"swiper-slide-image\" src=\"https:\/\/cactustour.com\/cactustour\/wp-content\/uploads\/2024\/01\/cactus_3-copia_slide.jpg\" alt=\"cactus_3 copia_slide\" \/><\/figure><\/div><div class=\"swiper-slide\" role=\"group\" aria-roledescription=\"slide\" aria-label=\"2 sur 7\"><figure class=\"swiper-slide-inner\"><img decoding=\"async\" class=\"swiper-slide-image\" src=\"https:\/\/cactustour.com\/cactustour\/wp-content\/uploads\/2024\/06\/P1210677-Grand.jpg\" alt=\"P1210677 (Grand)\" \/><\/figure><\/div><div class=\"swiper-slide\" role=\"group\" aria-roledescription=\"slide\" aria-label=\"3 sur 7\"><figure class=\"swiper-slide-inner\"><img decoding=\"async\" class=\"swiper-slide-image\" src=\"https:\/\/cactustour.com\/cactustour\/wp-content\/uploads\/2024\/02\/plage-animaux-2012-Corcovado-3.jpg\" alt=\"plage animaux 2012 Corcovado (3)\" \/><\/figure><\/div><div class=\"swiper-slide\" role=\"group\" aria-roledescription=\"slide\" aria-label=\"4 sur 7\"><figure class=\"swiper-slide-inner\"><img decoding=\"async\" class=\"swiper-slide-image\" src=\"https:\/\/cactustour.com\/cactustour\/wp-content\/uploads\/2024\/02\/Tortuguero-16.jpg\" alt=\"Tortuguero (16)\" \/><\/figure><\/div><div class=\"swiper-slide\" role=\"group\" aria-roledescription=\"slide\" aria-label=\"5 sur 7\"><figure class=\"swiper-slide-inner\"><img decoding=\"async\" class=\"swiper-slide-image\" src=\"https:\/\/cactustour.com\/cactustour\/wp-content\/uploads\/2024\/02\/Rafting-4-1.jpg\" alt=\"Rafting (4)\" \/><\/figure><\/div><div class=\"swiper-slide\" role=\"group\" aria-roledescription=\"slide\" aria-label=\"6 sur 7\"><figure class=\"swiper-slide-inner\"><img decoding=\"async\" class=\"swiper-slide-image\" src=\"https:\/\/cactustour.com\/cactustour\/wp-content\/uploads\/2024\/02\/Plage-people-Pacifique-Nord-Guanacaste-5.jpg\" alt=\"Plage people Pacifique Nord Guanacaste (5)\" \/><\/figure><\/div><div class=\"swiper-slide\" role=\"group\" aria-roledescription=\"slide\" aria-label=\"7 sur 7\"><figure class=\"swiper-slide-inner\"><img decoding=\"async\" class=\"swiper-slide-image\" src=\"https:\/\/cactustour.com\/cactustour\/wp-content\/uploads\/2023\/12\/shutterstock_1934024144-scaled.jpg\" alt=\"Young,Woman,Looks,Out,Over,A,Picturesque,Rain,Forest,Waterfall\" \/><\/figure><\/div>\t\t\t<\/div>\n\t\t\t\t\t\t\t\t\t\t\t\t<div class=\"elementor-swiper-button elementor-swiper-button-prev\" role=\"button\" tabindex=\"0\">\n\t\t\t\t\t\t<svg aria-hidden=\"true\" class=\"e-font-icon-svg e-eicon-chevron-left\" viewBox=\"0 0 1000 1000\" xmlns=\"http:\/\/www.w3.org\/2000\/svg\"><path d=\"M646 125C629 125 613 133 604 142L308 442C296 454 292 471 292 487 292 504 296 521 308 533L604 854C617 867 629 875 646 875 663 875 679 871 692 858 704 846 713 829 713 812 713 796 708 779 692 767L438 487 692 225C700 217 708 204 708 187 708 171 704 154 692 142 675 129 663 125 646 125Z\"><\/path><\/svg>\t\t\t\t\t<\/div>\n\t\t\t\t\t<div class=\"elementor-swiper-button elementor-swiper-button-next\" role=\"button\" tabindex=\"0\">\n\t\t\t\t\t\t<svg aria-hidden=\"true\" class=\"e-font-icon-svg e-eicon-chevron-right\" viewBox=\"0 0 1000 1000\" xmlns=\"http:\/\/www.w3.org\/2000\/svg\"><path d=\"M696 533C708 521 713 504 713 487 713 471 708 454 696 446L400 146C388 133 375 125 354 125 338 125 325 129 313 142 300 154 292 171 292 187 292 204 296 221 308 233L563 492 304 771C292 783 288 800 288 817 288 833 296 850 308 863 321 871 338 875 354 875 371 875 388 867 400 854L696 533Z\"><\/path><\/svg>\t\t\t\t\t<\/div>\n\t\t\t\t\n\t\t\t\t\t\t\t\t\t<div class=\"swiper-pagination\"><\/div>\n\t\t\t\t\t\t\t\t\t<\/div>\n\t\t\t\t\t\t<\/div>\n\t\t\t\t<\/div>\n\t\t\t\t<\/div>\n\t\t<div class=\"elementor-element elementor-element-8ae0bed e-con-full e-flex e-con e-child\" data-id=\"8ae0bed\" data-element_type=\"container\" data-e-type=\"container\">\n\t\t\t\t<div class=\"elementor-element elementor-element-ad5ba19 elementor-widget elementor-widget-text-editor\" data-id=\"ad5ba19\" data-element_type=\"widget\" data-e-type=\"widget\" data-widget_type=\"text-editor.default\">\n\t\t\t\t<div class=\"elementor-widget-container\">\n\t\t\t\t\t\t\t\t\t<p>\u00c9cotourisme, rafting, canyoning, surf, p\u00eache, trek, randonn\u00e9e \u00e9questre dans la for\u00eat tropicale, canopy, plages exotiques; venez concr\u00e9tiser tous vos souhaits. Et pour vous faire d\u00e8s \u00e0 pr\u00e9sent une bonne id\u00e9e, surfez sur notre site,<a href=\"mailto: info@cactustour.com\"> consultez-nous par chat ou mail<\/a>, et passez sur notre Forum pour y poster et retrouver toutes vos questions et t\u00e9moignages concernant vacances, tourisme alternatif, indig\u00e8nes, h\u00f4tels de charme, \u00e9colodges, villas, Ticos, parcs nationaux\u2026<\/p><p>Vous retrouvez <span style=\"color: darkgreen;\"><strong>Cactus<\/strong><\/span> <span style=\"color: darkgrey;\"><strong>Tour <\/strong><\/span>sur les r\u00e9seaux:<br \/><a href=\"https:\/\/www.facebook.com\/travelcactustour\"><img loading=\"lazy\" decoding=\"async\" class=\"alignnone wp-image-2538\" src=\"https:\/\/cactustour.com\/cactustour\/wp-content\/uploads\/2024\/06\/Facebook-orange.png\" alt=\"https:\/\/www.facebook.com\/travelcactustour\" width=\"33\" height=\"33\" \/><\/a> \/ <a href=\"https:\/\/fr.linkedin.com\/company\/cactus-tour-dmc-central-america\"><img loading=\"lazy\" decoding=\"async\" class=\"alignnone wp-image-2533\" src=\"https:\/\/cactustour.com\/cactustour\/wp-content\/uploads\/2024\/06\/Social-rond-vert-linke.gif\" alt=\"https:\/\/fr.linkedin.com\/company\/cactus-tour-dmc-central-america\" width=\"34\" height=\"34\" \/> \/<\/a> <a href=\"https:\/\/www.youtube.com\/channel\/UC6EQETIv3H8vw1vGkBBQeXA\"><img loading=\"lazy\" decoding=\"async\" class=\"alignnone  wp-image-2537\" src=\"https:\/\/cactustour.com\/cactustour\/wp-content\/uploads\/2024\/06\/Youtube-orange.png\" alt=\"\" width=\"34\" height=\"33\" \/>\u00a0 \/\u00a0\u00a0<\/a><a href=\"https:\/\/www.instagram.com\/cactus_tour\"><img loading=\"lazy\" decoding=\"async\" class=\"alignnone  wp-image-2536\" src=\"https:\/\/cactustour.com\/cactustour\/wp-content\/uploads\/2024\/06\/Social-rond-vert-Insta.gif\" alt=\"\" width=\"36\" height=\"35\" \/><\/a><\/p>\t\t\t\t\t\t\t\t<\/div>\n\t\t\t\t<\/div>\n\t\t\t\t<\/div>\n\t\t\t\t\t<\/div>\n\t\t\t\t<\/div>\n\t\t\t\t\t<\/div>\n\t\t\t\t<\/div>\n\t\t\t\t<\/div>\n\t\t","protected":false},"excerpt":{"rendered":"<p>BY Voyagez au Costa Rica, Panama, NicaraguaInformez-vous sur de fabuleux pays d\u00b4Am\u00e9rique Centrale! Ici, vous trouverez toutes les composantes de vos voyages au Costa Rica, s\u00e9jours au Panama et circuits au Nicaragua! Pour pr\u00e9parer vos vacances, et pour chacun de ces pays, d\u00e9couvrez Histoire, activit\u00e9s, faune, flore, vie culturelle, politique, \u00e9conomie\u2026 Faites-vous plaisir !!\u00a0 Avec\u00a0 [&hellip;]<\/p>\n","protected":false},"author":1,"featured_media":0,"parent":0,"menu_order":0,"comment_status":"closed","ping_status":"closed","template":"","meta":{"site-sidebar-layout":"no-sidebar","site-content-layout":"page-builder","ast-site-content-layout":"full-width-container","site-content-style":"default","site-sidebar-style":"default","ast-global-header-display":"","ast-banner-title-visibility":"","ast-main-header-display":"","ast-hfb-above-header-display":"","ast-hfb-below-header-display":"","ast-hfb-mobile-header-display":"","site-post-title":"disabled","ast-breadcrumbs-content":"","ast-featured-img":"disabled","footer-sml-layout":"","ast-disable-related-posts":"","theme-transparent-header-meta":"","adv-header-id-meta":"","stick-header-meta":"","header-above-stick-meta":"","header-main-stick-meta":"","header-below-stick-meta":"","astra-migrate-meta-layouts":"set","ast-page-background-enabled":"default","ast-page-background-meta":{"desktop":{"background-color":"","background-image":"","background-repeat":"repeat","background-position":"center center","background-size":"auto","background-attachment":"scroll","background-type":"","background-media":"","overlay-type":"","overlay-color":"","overlay-opacity":"","overlay-gradient":""},"tablet":{"background-color":"","background-image":"","background-repeat":"repeat","background-position":"center center","background-size":"auto","background-attachment":"scroll","background-type":"","background-media":"","overlay-type":"","overlay-color":"","overlay-opacity":"","overlay-gradient":""},"mobile":{"background-color":"","background-image":"","background-repeat":"repeat","background-position":"center center","background-size":"auto","background-attachment":"scroll","background-type":"","background-media":"","overlay-type":"","overlay-color":"","overlay-opacity":"","overlay-gradient":""}},"ast-content-background-meta":{"desktop":{"background-color":"var(--ast-global-color-5)","background-image":"","background-repeat":"repeat","background-position":"center center","background-size":"auto","background-attachment":"scroll","background-type":"","background-media":"","overlay-type":"","overlay-color":"","overlay-opacity":"","overlay-gradient":""},"tablet":{"background-color":"var(--ast-global-color-5)","background-image":"","background-repeat":"repeat","background-position":"center center","background-size":"auto","background-attachment":"scroll","background-type":"","background-media":"","overlay-type":"","overlay-color":"","overlay-opacity":"","overlay-gradient":""},"mobile":{"background-color":"var(--ast-global-color-5)","background-image":"","background-repeat":"repeat","background-position":"center center","background-size":"auto","background-attachment":"scroll","background-type":"","background-media":"","overlay-type":"","overlay-color":"","overlay-opacity":"","overlay-gradient":""}},"footnotes":""},"folder":[67],"class_list":["post-1436","page","type-page","status-publish","hentry"],"_links":{"self":[{"href":"https:\/\/cactustour.com\/cactustour\/wp-json\/wp\/v2\/pages\/1436","targetHints":{"allow":["GET"]}}],"collection":[{"href":"https:\/\/cactustour.com\/cactustour\/wp-json\/wp\/v2\/pages"}],"about":[{"href":"https:\/\/cactustour.com\/cactustour\/wp-json\/wp\/v2\/types\/page"}],"author":[{"embeddable":true,"href":"https:\/\/cactustour.com\/cactustour\/wp-json\/wp\/v2\/users\/1"}],"replies":[{"embeddable":true,"href":"https:\/\/cactustour.com\/cactustour\/wp-json\/wp\/v2\/comments?post=1436"}],"version-history":[{"count":38,"href":"https:\/\/cactustour.com\/cactustour\/wp-json\/wp\/v2\/pages\/1436\/revisions"}],"predecessor-version":[{"id":3870,"href":"https:\/\/cactustour.com\/cactustour\/wp-json\/wp\/v2\/pages\/1436\/revisions\/3870"}],"wp:attachment":[{"href":"https:\/\/cactustour.com\/cactustour\/wp-json\/wp\/v2\/media?parent=1436"}],"wp:term":[{"taxonomy":"folder","embeddable":true,"href":"https:\/\/cactustour.com\/cactustour\/wp-json\/wp\/v2\/folder?post=1436"}],"curies":[{"name":"wp","href":"https:\/\/api.w.org\/{rel}","templated":true}]}}