{"id":2952,"date":"2024-07-14T05:47:21","date_gmt":"2024-07-14T05:47:21","guid":{"rendered":"https:\/\/cactustour.com\/cactustour\/?page_id=2952"},"modified":"2024-09-03T10:09:54","modified_gmt":"2024-09-03T10:09:54","slug":"latin-xplore-es","status":"publish","type":"page","link":"https:\/\/cactustour.com\/cactustour\/es\/latin-xplore-es\/","title":{"rendered":"Latin Xplore &#8211; Es"},"content":{"rendered":"\t\t<div data-elementor-type=\"wp-page\" data-elementor-id=\"2952\" class=\"elementor elementor-2952\" data-elementor-post-type=\"page\">\n\t\t\t\t<div class=\"elementor-element elementor-element-704a738 e-flex e-con-boxed e-con e-parent\" data-id=\"704a738\" data-element_type=\"container\" data-e-type=\"container\">\n\t\t\t\t\t<div class=\"e-con-inner\">\n\t\t\t\t<div class=\"elementor-element elementor-element-02d9eac elementor-widget elementor-widget-heading\" data-id=\"02d9eac\" data-element_type=\"widget\" data-e-type=\"widget\" data-widget_type=\"heading.default\">\n\t\t\t\t<div class=\"elementor-widget-container\">\n\t\t\t\t\t<h2 class=\"elementor-heading-title elementor-size-default\">Sobre LatinXplore<\/h2>\t\t\t\t<\/div>\n\t\t\t\t<\/div>\n\t\t\t\t\t<\/div>\n\t\t\t\t<\/div>\n\t\t<div class=\"elementor-element elementor-element-321ce8b e-flex e-con-boxed e-con e-parent\" data-id=\"321ce8b\" data-element_type=\"container\" data-e-type=\"container\">\n\t\t\t\t\t<div class=\"e-con-inner\">\n\t\t<div class=\"elementor-element elementor-element-be6d163 e-con-full e-flex e-con e-child\" data-id=\"be6d163\" data-element_type=\"container\" data-e-type=\"container\">\n\t\t\t\t<div class=\"elementor-element elementor-element-a0d6944 elementor-widget elementor-widget-text-editor\" data-id=\"a0d6944\" data-element_type=\"widget\" data-e-type=\"widget\" data-widget_type=\"text-editor.default\">\n\t\t\t\t<div class=\"elementor-widget-container\">\n\t\t\t\t\t\t\t\t\t<p><a href=\"https:\/\/www.latinxplore.com\/\">LatinXplore<\/a> es la empresa hermana de Go West Tours, fundada por Stephan Forget en 1992, ahora uno de los principales actores en Europa en el mercado de turismo entrante a Estados Unidos y Canad\u00e1.<\/p><p>Stephan Forget, un apasionado por Am\u00e9rica Latina, se asoci\u00f3 con Ga\u00eblle Montcharmont, experta en la regi\u00f3n por m\u00e1s de 15 a\u00f1os, y Emmanuelle Legoff, directora general de Go West Tours. Con el tiempo, se unieron a Christophe Marybrasse y Fabienne Malamout, fundadores de Cactus Tour en 1993. Esta colaboraci\u00f3n dio origen a un nuevo partenariado y juntos decidieron expandirse en Costa Rica.<\/p><p>LatinXplore DMC Latin America naci\u00f3 con el objetivo de destacarse como un actor clave en viajes B2B en Am\u00e9rica Latina, con la misma seriedad y experiencia que en Am\u00e9rica del Norte, desde las selvas de Costa Rica hasta la Patagonia.<\/p><h5><span class=\"HwtZe\" lang=\"es\"><span class=\"jCAhz ChMk0b\"><span class=\"ryNqvb\">VISITA NUESTRO SITIO: <a href=\"https:\/\/www.latinxplore.com\/\">https:\/\/www.latinxplore.com\/<\/a><\/span><\/span><\/span><\/h5>\t\t\t\t\t\t\t\t<\/div>\n\t\t\t\t<\/div>\n\t\t\t\t<\/div>\n\t\t<div class=\"elementor-element elementor-element-f822e2e e-con-full e-flex e-con e-child\" data-id=\"f822e2e\" data-element_type=\"container\" data-e-type=\"container\">\n\t\t\t\t<div class=\"elementor-element elementor-element-de7162e dce_masking-none elementor-widget elementor-widget-image\" data-id=\"de7162e\" data-element_type=\"widget\" data-e-type=\"widget\" data-widget_type=\"image.default\">\n\t\t\t\t<div class=\"elementor-widget-container\">\n\t\t\t\t\t\t\t\t\t\t\t\t\t\t\t<img fetchpriority=\"high\" decoding=\"async\" width=\"789\" height=\"1024\" src=\"https:\/\/cactustour.com\/cactustour\/wp-content\/uploads\/2024\/07\/latin-xplore-peru-789x1024.jpg\" class=\"attachment-large size-large wp-image-2719\" alt=\"\" srcset=\"https:\/\/cactustour.com\/cactustour\/wp-content\/uploads\/2024\/07\/latin-xplore-peru-789x1024.jpg 789w, https:\/\/cactustour.com\/cactustour\/wp-content\/uploads\/2024\/07\/latin-xplore-peru-231x300.jpg 231w, https:\/\/cactustour.com\/cactustour\/wp-content\/uploads\/2024\/07\/latin-xplore-peru-768x997.jpg 768w, https:\/\/cactustour.com\/cactustour\/wp-content\/uploads\/2024\/07\/latin-xplore-peru-1183x1536.jpg 1183w, https:\/\/cactustour.com\/cactustour\/wp-content\/uploads\/2024\/07\/latin-xplore-peru.jpg 1200w\" sizes=\"(max-width: 789px) 100vw, 789px\" \/>\t\t\t\t\t\t\t\t\t\t\t\t\t\t\t<\/div>\n\t\t\t\t<\/div>\n\t\t\t\t<\/div>\n\t\t\t\t\t<\/div>\n\t\t\t\t<\/div>\n\t\t<div class=\"elementor-element elementor-element-f6cd6b9 e-flex e-con-boxed e-con e-parent\" data-id=\"f6cd6b9\" data-element_type=\"container\" data-e-type=\"container\">\n\t\t\t\t\t<div class=\"e-con-inner\">\n\t\t<div class=\"elementor-element elementor-element-ec2cb6e e-con-full e-flex e-con e-child\" data-id=\"ec2cb6e\" data-element_type=\"container\" data-e-type=\"container\">\n\t\t\t\t<div class=\"elementor-element elementor-element-b649150 dce_masking-none elementor-widget elementor-widget-image\" data-id=\"b649150\" data-element_type=\"widget\" data-e-type=\"widget\" data-widget_type=\"image.default\">\n\t\t\t\t<div class=\"elementor-widget-container\">\n\t\t\t\t\t\t\t\t\t\t\t\t\t\t\t<img decoding=\"async\" width=\"1024\" height=\"1024\" src=\"https:\/\/cactustour.com\/cactustour\/wp-content\/uploads\/2024\/07\/latin-xplore-volcan-arenal-1024x1024.jpg\" class=\"attachment-large size-large wp-image-2720\" alt=\"\" srcset=\"https:\/\/cactustour.com\/cactustour\/wp-content\/uploads\/2024\/07\/latin-xplore-volcan-arenal-1024x1024.jpg 1024w, https:\/\/cactustour.com\/cactustour\/wp-content\/uploads\/2024\/07\/latin-xplore-volcan-arenal-300x300.jpg 300w, https:\/\/cactustour.com\/cactustour\/wp-content\/uploads\/2024\/07\/latin-xplore-volcan-arenal-150x150.jpg 150w, https:\/\/cactustour.com\/cactustour\/wp-content\/uploads\/2024\/07\/latin-xplore-volcan-arenal-768x768.jpg 768w, https:\/\/cactustour.com\/cactustour\/wp-content\/uploads\/2024\/07\/latin-xplore-volcan-arenal.jpg 1200w\" sizes=\"(max-width: 1024px) 100vw, 1024px\" \/>\t\t\t\t\t\t\t\t\t\t\t\t\t\t\t<\/div>\n\t\t\t\t<\/div>\n\t\t\t\t<\/div>\n\t\t<div class=\"elementor-element elementor-element-457f83b e-con-full e-flex e-con e-child\" data-id=\"457f83b\" data-element_type=\"container\" data-e-type=\"container\">\n\t\t\t\t<div class=\"elementor-element elementor-element-8984180 elementor-widget elementor-widget-heading\" data-id=\"8984180\" data-element_type=\"widget\" data-e-type=\"widget\" data-widget_type=\"heading.default\">\n\t\t\t\t<div class=\"elementor-widget-container\">\n\t\t\t\t\t<h2 class=\"elementor-heading-title elementor-size-default\">Nuestros Destinos<\/h2>\t\t\t\t<\/div>\n\t\t\t\t<\/div>\n\t\t\t\t<div class=\"elementor-element elementor-element-72bd32d elementor-widget elementor-widget-text-editor\" data-id=\"72bd32d\" data-element_type=\"widget\" data-e-type=\"widget\" data-widget_type=\"text-editor.default\">\n\t\t\t\t<div class=\"elementor-widget-container\">\n\t\t\t\t\t\t\t\t\t<ul><li>Argentina<\/li><li>Bolivia<\/li><li>Chile<\/li><li>Colombia<\/li><li>Costa Rica<\/li><li>Ecuador<\/li><li>Nicaragua<\/li><li>Panama<\/li><li>Per\u00fa<\/li><\/ul>\t\t\t\t\t\t\t\t<\/div>\n\t\t\t\t<\/div>\n\t\t\t\t<\/div>\n\t\t\t\t\t<\/div>\n\t\t\t\t<\/div>\n\t\t<div class=\"elementor-element elementor-element-73e0dcf e-flex e-con-boxed e-con e-parent\" data-id=\"73e0dcf\" data-element_type=\"container\" data-e-type=\"container\">\n\t\t\t\t\t<div class=\"e-con-inner\">\n\t\t<div class=\"elementor-element elementor-element-9e41444 e-con-full e-flex e-con e-child\" data-id=\"9e41444\" data-element_type=\"container\" data-e-type=\"container\">\n\t\t\t\t<div class=\"elementor-element elementor-element-b4dffae elementor-widget elementor-widget-heading\" data-id=\"b4dffae\" data-element_type=\"widget\" data-e-type=\"widget\" data-widget_type=\"heading.default\">\n\t\t\t\t<div class=\"elementor-widget-container\">\n\t\t\t\t\t<h2 class=\"elementor-heading-title elementor-size-default\">Nuestros Valores<\/h2>\t\t\t\t<\/div>\n\t\t\t\t<\/div>\n\t\t\t\t<div class=\"elementor-element elementor-element-65fc123 elementor-widget elementor-widget-text-editor\" data-id=\"65fc123\" data-element_type=\"widget\" data-e-type=\"widget\" data-widget_type=\"text-editor.default\">\n\t\t\t\t<div class=\"elementor-widget-container\">\n\t\t\t\t\t\t\t\t\t<p><strong class=\"x-el x-el-span c1-7o c1-1m c1-b c1-7p c1-5m c1-7q c1-7r\">Xperience(s)\u00a0<\/strong><\/p><p>Nuestro equipo de especialistas experimentados garantiza soluciones y negociaciones \u00f3ptimas. Ofrecemos las mejores experiencias locales adaptadas a sus especificaciones y a las necesidades de sus clientes.<\/p><p><strong class=\"x-el x-el-span c1-7o c1-1m c1-b c1-7p c1-5m c1-7q c1-7r\">Xpertise\u00a0<\/strong><\/p><p>Entendemos los requisitos y expectativas de los clientes europeos, ya sean franc\u00f3fonos, anglofonos, hispanohablantes, lus\u00f3fonos, ital\u00f3fonos, german\u00f3fonos, etc.<\/p><p><strong class=\"x-el x-el-span c1-7o c1-1m c1-b c1-7p c1-5m c1-7q c1-7r\">Xcellence<\/strong><\/p><p>Nos esforzamos constantemente por sobresalir en nuestras relaciones con clientes, socios, proveedores y colegas, manteniendo alta nuestra reactividad y rendimiento. Nos comprometemos a trabajar sobre la base de la igualdad y creemos en valores de lealtad y apoyo mutuo.<\/p><p><strong class=\"x-el x-el-span c1-7o c1-1m c1-b c1-7p c1-5m c1-7q c1-7r\">Xploration\u00a0<\/strong><\/p><p>Nuestro equipo proporciona lo mejor de manera efectiva, aprovechando nuestra profunda comprensi\u00f3n del terreno y nuestras oficinas locales para estimular contactos. Las demandas espec\u00edficas requieren superar las normas y revitalizar los viajes cl\u00e1sicos para atraer nuevos segmentos de clientes.<\/p>\t\t\t\t\t\t\t\t<\/div>\n\t\t\t\t<\/div>\n\t\t\t\t<\/div>\n\t\t<div class=\"elementor-element elementor-element-c919dab e-con-full e-flex e-con e-child\" data-id=\"c919dab\" data-element_type=\"container\" data-e-type=\"container\">\n\t\t\t\t<div class=\"elementor-element elementor-element-0c29b7c dce_masking-none elementor-widget elementor-widget-image\" data-id=\"0c29b7c\" data-element_type=\"widget\" data-e-type=\"widget\" data-widget_type=\"image.default\">\n\t\t\t\t<div class=\"elementor-widget-container\">\n\t\t\t\t\t\t\t\t\t\t\t\t\t\t\t<img decoding=\"async\" width=\"1024\" height=\"1024\" src=\"https:\/\/cactustour.com\/cactustour\/wp-content\/uploads\/2024\/07\/latin-xplore-panama-1024x1024.jpg\" class=\"attachment-large size-large wp-image-2721\" alt=\"\" srcset=\"https:\/\/cactustour.com\/cactustour\/wp-content\/uploads\/2024\/07\/latin-xplore-panama-1024x1024.jpg 1024w, https:\/\/cactustour.com\/cactustour\/wp-content\/uploads\/2024\/07\/latin-xplore-panama-300x300.jpg 300w, https:\/\/cactustour.com\/cactustour\/wp-content\/uploads\/2024\/07\/latin-xplore-panama-150x150.jpg 150w, https:\/\/cactustour.com\/cactustour\/wp-content\/uploads\/2024\/07\/latin-xplore-panama-768x768.jpg 768w, https:\/\/cactustour.com\/cactustour\/wp-content\/uploads\/2024\/07\/latin-xplore-panama.jpg 1200w\" sizes=\"(max-width: 1024px) 100vw, 1024px\" \/>\t\t\t\t\t\t\t\t\t\t\t\t\t\t\t<\/div>\n\t\t\t\t<\/div>\n\t\t\t\t<\/div>\n\t\t\t\t\t<\/div>\n\t\t\t\t<\/div>\n\t\t\t\t<\/div>\n\t\t","protected":false},"excerpt":{"rendered":"<p>Sobre LatinXplore LatinXplore es la empresa hermana de Go West Tours, fundada por Stephan Forget en 1992, ahora uno de los principales actores en Europa en el mercado de turismo entrante a Estados Unidos y Canad\u00e1. Stephan Forget, un apasionado por Am\u00e9rica Latina, se asoci\u00f3 con Ga\u00eblle Montcharmont, experta en la regi\u00f3n por m\u00e1s de [&hellip;]<\/p>\n","protected":false},"author":1,"featured_media":0,"parent":0,"menu_order":0,"comment_status":"closed","ping_status":"closed","template":"","meta":{"site-sidebar-layout":"no-sidebar","site-content-layout":"page-builder","ast-site-content-layout":"full-width-container","site-content-style":"default","site-sidebar-style":"default","ast-global-header-display":"","ast-banner-title-visibility":"","ast-main-header-display":"","ast-hfb-above-header-display":"","ast-hfb-below-header-display":"","ast-hfb-mobile-header-display":"","site-post-title":"disabled","ast-breadcrumbs-content":"","ast-featured-img":"disabled","footer-sml-layout":"","ast-disable-related-posts":"","theme-transparent-header-meta":"","adv-header-id-meta":"","stick-header-meta":"","header-above-stick-meta":"","header-main-stick-meta":"","header-below-stick-meta":"","astra-migrate-meta-layouts":"set","ast-page-background-enabled":"default","ast-page-background-meta":{"desktop":{"background-color":"","background-image":"","background-repeat":"repeat","background-position":"center center","background-size":"auto","background-attachment":"scroll","background-type":"","background-media":"","overlay-type":"","overlay-color":"","overlay-opacity":"","overlay-gradient":""},"tablet":{"background-color":"","background-image":"","background-repeat":"repeat","background-position":"center center","background-size":"auto","background-attachment":"scroll","background-type":"","background-media":"","overlay-type":"","overlay-color":"","overlay-opacity":"","overlay-gradient":""},"mobile":{"background-color":"","background-image":"","background-repeat":"repeat","background-position":"center center","background-size":"auto","background-attachment":"scroll","background-type":"","background-media":"","overlay-type":"","overlay-color":"","overlay-opacity":"","overlay-gradient":""}},"ast-content-background-meta":{"desktop":{"background-color":"var(--ast-global-color-5)","background-image":"","background-repeat":"repeat","background-position":"center center","background-size":"auto","background-attachment":"scroll","background-type":"","background-media":"","overlay-type":"","overlay-color":"","overlay-opacity":"","overlay-gradient":""},"tablet":{"background-color":"var(--ast-global-color-5)","background-image":"","background-repeat":"repeat","background-position":"center center","background-size":"auto","background-attachment":"scroll","background-type":"","background-media":"","overlay-type":"","overlay-color":"","overlay-opacity":"","overlay-gradient":""},"mobile":{"background-color":"var(--ast-global-color-5)","background-image":"","background-repeat":"repeat","background-position":"center center","background-size":"auto","background-attachment":"scroll","background-type":"","background-media":"","overlay-type":"","overlay-color":"","overlay-opacity":"","overlay-gradient":""}},"footnotes":""},"folder":[65],"class_list":["post-2952","page","type-page","status-publish","hentry"],"_links":{"self":[{"href":"https:\/\/cactustour.com\/cactustour\/wp-json\/wp\/v2\/pages\/2952","targetHints":{"allow":["GET"]}}],"collection":[{"href":"https:\/\/cactustour.com\/cactustour\/wp-json\/wp\/v2\/pages"}],"about":[{"href":"https:\/\/cactustour.com\/cactustour\/wp-json\/wp\/v2\/types\/page"}],"author":[{"embeddable":true,"href":"https:\/\/cactustour.com\/cactustour\/wp-json\/wp\/v2\/users\/1"}],"replies":[{"embeddable":true,"href":"https:\/\/cactustour.com\/cactustour\/wp-json\/wp\/v2\/comments?post=2952"}],"version-history":[{"count":10,"href":"https:\/\/cactustour.com\/cactustour\/wp-json\/wp\/v2\/pages\/2952\/revisions"}],"predecessor-version":[{"id":3446,"href":"https:\/\/cactustour.com\/cactustour\/wp-json\/wp\/v2\/pages\/2952\/revisions\/3446"}],"wp:attachment":[{"href":"https:\/\/cactustour.com\/cactustour\/wp-json\/wp\/v2\/media?parent=2952"}],"wp:term":[{"taxonomy":"folder","embeddable":true,"href":"https:\/\/cactustour.com\/cactustour\/wp-json\/wp\/v2\/folder?post=2952"}],"curies":[{"name":"wp","href":"https:\/\/api.w.org\/{rel}","templated":true}]}}