{"id":3175,"date":"2024-07-16T01:57:22","date_gmt":"2024-07-16T01:57:22","guid":{"rendered":"https:\/\/cactustour.com\/cactustour\/?page_id=3175"},"modified":"2024-09-03T09:37:15","modified_gmt":"2024-09-03T09:37:15","slug":"latin-xplore-de","status":"publish","type":"page","link":"https:\/\/cactustour.com\/cactustour\/de\/latin-xplore-de\/","title":{"rendered":"Latin Xplore &#8211; De"},"content":{"rendered":"\t\t<div data-elementor-type=\"wp-page\" data-elementor-id=\"3175\" class=\"elementor elementor-3175\" data-elementor-post-type=\"page\">\n\t\t\t\t<div class=\"elementor-element elementor-element-704a738 e-flex e-con-boxed e-con e-parent\" data-id=\"704a738\" data-element_type=\"container\" data-e-type=\"container\">\n\t\t\t\t\t<div class=\"e-con-inner\">\n\t\t\t\t<div class=\"elementor-element elementor-element-02d9eac elementor-widget elementor-widget-heading\" data-id=\"02d9eac\" data-element_type=\"widget\" data-e-type=\"widget\" data-widget_type=\"heading.default\">\n\t\t\t\t<div class=\"elementor-widget-container\">\n\t\t\t\t\t<h2 class=\"elementor-heading-title elementor-size-default\">\u00dcber LatinXplore<\/h2>\t\t\t\t<\/div>\n\t\t\t\t<\/div>\n\t\t\t\t\t<\/div>\n\t\t\t\t<\/div>\n\t\t<div class=\"elementor-element elementor-element-321ce8b e-flex e-con-boxed e-con e-parent\" data-id=\"321ce8b\" data-element_type=\"container\" data-e-type=\"container\">\n\t\t\t\t\t<div class=\"e-con-inner\">\n\t\t<div class=\"elementor-element elementor-element-be6d163 e-con-full e-flex e-con e-child\" data-id=\"be6d163\" data-element_type=\"container\" data-e-type=\"container\">\n\t\t\t\t<div class=\"elementor-element elementor-element-a0d6944 elementor-widget elementor-widget-text-editor\" data-id=\"a0d6944\" data-element_type=\"widget\" data-e-type=\"widget\" data-widget_type=\"text-editor.default\">\n\t\t\t\t<div class=\"elementor-widget-container\">\n\t\t\t\t\t\t\t\t\t<p><a href=\"https:\/\/www.latinxplore.com\/\">LatinXplore<\/a> ist das Schwesterunternehmen von Go West Tours, einem Unternehmen, das 1992 von Stephan Forget gegr\u00fcndet wurde und heute einer der f\u00fchrenden Akteure in Europa auf dem Markt f\u00fcr eingehenden Tourismus in die USA und Kanada ist.<\/p><p>Stephan Forget, der sowohl pers\u00f6nlich als auch beruflich erfahrene Reisende, ist auch sehr mit Lateinamerika verbunden. Er hat sich mit Ga\u00eblle Montcharmont zusammengetan, einer Expertin f\u00fcr Lateinamerika seit \u00fcber 15 Jahren und langj\u00e4hrigen Freundin. Emmanuelle Legoff, die Gesch\u00e4ftsf\u00fchrerin von Go West Tours, ist dem F\u00fchrungsteam beigetreten.<\/p><p>Im Laufe der Zeit lernten sie Christophe Marybrasse und Fabienne Malamout kennen, die Cactus Tour im Jahr 1993 gegr\u00fcndet haben. Ihre Zusammenarbeit f\u00fchrte zu einer neuen Partnerschaft, und gemeinsam haben sie beschlossen, im Costa Rica voranzukommen.<\/p><p>LatinXplore DMC Latin America wurde geboren mit dem Ziel, sich als Schl\u00fcsselakteur im B2B-Reisemarkt in den L\u00e4ndern Lateinamerikas zu etablieren, mit der gleichen Ernsthaftigkeit und Expertise wie in Nordamerika, von den Dschungeln Costa Ricas bis in die entlegensten Gegenden Patagoniens.<\/p><h5><span class=\"HwtZe\" lang=\"de\"><span class=\"jCAhz ChMk0b\"><span class=\"ryNqvb\">BESUCHEN SIE UNSERE WEBSITE:<a href=\"https:\/\/www.latinxplore.com\/\"> https:\/\/www.latinxplore.com\/<\/a><\/span><\/span><\/span><\/h5><p>\u00a0<\/p>\t\t\t\t\t\t\t\t<\/div>\n\t\t\t\t<\/div>\n\t\t\t\t<\/div>\n\t\t<div class=\"elementor-element elementor-element-f822e2e e-con-full e-flex e-con e-child\" data-id=\"f822e2e\" data-element_type=\"container\" data-e-type=\"container\">\n\t\t\t\t<div class=\"elementor-element elementor-element-de7162e dce_masking-none elementor-widget elementor-widget-image\" data-id=\"de7162e\" data-element_type=\"widget\" data-e-type=\"widget\" data-widget_type=\"image.default\">\n\t\t\t\t<div class=\"elementor-widget-container\">\n\t\t\t\t\t\t\t\t\t\t\t\t\t\t\t<img fetchpriority=\"high\" decoding=\"async\" width=\"789\" height=\"1024\" src=\"https:\/\/cactustour.com\/cactustour\/wp-content\/uploads\/2024\/07\/latin-xplore-peru-789x1024.jpg\" class=\"attachment-large size-large wp-image-2719\" alt=\"\" srcset=\"https:\/\/cactustour.com\/cactustour\/wp-content\/uploads\/2024\/07\/latin-xplore-peru-789x1024.jpg 789w, https:\/\/cactustour.com\/cactustour\/wp-content\/uploads\/2024\/07\/latin-xplore-peru-231x300.jpg 231w, https:\/\/cactustour.com\/cactustour\/wp-content\/uploads\/2024\/07\/latin-xplore-peru-768x997.jpg 768w, https:\/\/cactustour.com\/cactustour\/wp-content\/uploads\/2024\/07\/latin-xplore-peru-1183x1536.jpg 1183w, https:\/\/cactustour.com\/cactustour\/wp-content\/uploads\/2024\/07\/latin-xplore-peru.jpg 1200w\" sizes=\"(max-width: 789px) 100vw, 789px\" \/>\t\t\t\t\t\t\t\t\t\t\t\t\t\t\t<\/div>\n\t\t\t\t<\/div>\n\t\t\t\t<\/div>\n\t\t\t\t\t<\/div>\n\t\t\t\t<\/div>\n\t\t<div class=\"elementor-element elementor-element-f6cd6b9 e-flex e-con-boxed e-con e-parent\" data-id=\"f6cd6b9\" data-element_type=\"container\" data-e-type=\"container\">\n\t\t\t\t\t<div class=\"e-con-inner\">\n\t\t<div class=\"elementor-element elementor-element-ec2cb6e e-con-full e-flex e-con e-child\" data-id=\"ec2cb6e\" data-element_type=\"container\" data-e-type=\"container\">\n\t\t\t\t<div class=\"elementor-element elementor-element-b649150 dce_masking-none elementor-widget elementor-widget-image\" data-id=\"b649150\" data-element_type=\"widget\" data-e-type=\"widget\" data-widget_type=\"image.default\">\n\t\t\t\t<div class=\"elementor-widget-container\">\n\t\t\t\t\t\t\t\t\t\t\t\t\t\t\t<img decoding=\"async\" width=\"1024\" height=\"1024\" src=\"https:\/\/cactustour.com\/cactustour\/wp-content\/uploads\/2024\/07\/latin-xplore-volcan-arenal-1024x1024.jpg\" class=\"attachment-large size-large wp-image-2720\" alt=\"\" srcset=\"https:\/\/cactustour.com\/cactustour\/wp-content\/uploads\/2024\/07\/latin-xplore-volcan-arenal-1024x1024.jpg 1024w, https:\/\/cactustour.com\/cactustour\/wp-content\/uploads\/2024\/07\/latin-xplore-volcan-arenal-300x300.jpg 300w, https:\/\/cactustour.com\/cactustour\/wp-content\/uploads\/2024\/07\/latin-xplore-volcan-arenal-150x150.jpg 150w, https:\/\/cactustour.com\/cactustour\/wp-content\/uploads\/2024\/07\/latin-xplore-volcan-arenal-768x768.jpg 768w, https:\/\/cactustour.com\/cactustour\/wp-content\/uploads\/2024\/07\/latin-xplore-volcan-arenal.jpg 1200w\" sizes=\"(max-width: 1024px) 100vw, 1024px\" \/>\t\t\t\t\t\t\t\t\t\t\t\t\t\t\t<\/div>\n\t\t\t\t<\/div>\n\t\t\t\t<\/div>\n\t\t<div class=\"elementor-element elementor-element-457f83b e-con-full e-flex e-con e-child\" data-id=\"457f83b\" data-element_type=\"container\" data-e-type=\"container\">\n\t\t\t\t<div class=\"elementor-element elementor-element-8984180 elementor-widget elementor-widget-heading\" data-id=\"8984180\" data-element_type=\"widget\" data-e-type=\"widget\" data-widget_type=\"heading.default\">\n\t\t\t\t<div class=\"elementor-widget-container\">\n\t\t\t\t\t<h2 class=\"elementor-heading-title elementor-size-default\">Unsere Reiseziele<\/h2>\t\t\t\t<\/div>\n\t\t\t\t<\/div>\n\t\t\t\t<div class=\"elementor-element elementor-element-72bd32d elementor-widget elementor-widget-text-editor\" data-id=\"72bd32d\" data-element_type=\"widget\" data-e-type=\"widget\" data-widget_type=\"text-editor.default\">\n\t\t\t\t<div class=\"elementor-widget-container\">\n\t\t\t\t\t\t\t\t\t<ul><li class=\"x-el x-el-h4 c1-1 c1-2 c1-1o c1-1p c1-4h c1-4i c1-4j c1-27 c1-28 c1-1h c1-5i c1-4l c1-1y c1-4n c1-4o c1-4p c1-4q\" role=\"heading\" aria-level=\"4\" data-ux=\"ContentHeading\" data-aid=\"ABOUT_HEADLINE_RENDERED1\" data-typography=\"HeadingAlpha\" data-font-scaled=\"true\">Argentinien<\/li><li class=\"x-el x-el-h4 c1-1 c1-2 c1-1o c1-1p c1-4h c1-4i c1-4j c1-27 c1-28 c1-1h c1-5i c1-4l c1-1y c1-4n c1-4o c1-4p c1-4q\" role=\"heading\" aria-level=\"4\" data-ux=\"ContentHeading\" data-aid=\"ABOUT_HEADLINE_RENDERED1\" data-typography=\"HeadingAlpha\" data-font-scaled=\"true\">Bolivien<\/li><li class=\"x-el x-el-h4 c1-1 c1-2 c1-1o c1-1p c1-4h c1-4i c1-4j c1-27 c1-28 c1-1h c1-5i c1-4l c1-1y c1-4n c1-4o c1-4p c1-4q\" role=\"heading\" aria-level=\"4\" data-ux=\"ContentHeading\" data-aid=\"ABOUT_HEADLINE_RENDERED1\" data-typography=\"HeadingAlpha\" data-font-scaled=\"true\">Chile<\/li><li class=\"x-el x-el-h4 c1-1 c1-2 c1-1o c1-1p c1-4h c1-4i c1-4j c1-27 c1-28 c1-1h c1-5i c1-4l c1-1y c1-4n c1-4o c1-4p c1-4q\" role=\"heading\" aria-level=\"4\" data-ux=\"ContentHeading\" data-aid=\"ABOUT_HEADLINE_RENDERED1\" data-typography=\"HeadingAlpha\" data-font-scaled=\"true\">Kolumbien<\/li><li class=\"x-el x-el-h4 c1-1 c1-2 c1-1o c1-1p c1-4h c1-4i c1-4j c1-27 c1-28 c1-1h c1-5i c1-4l c1-1y c1-4n c1-4o c1-4p c1-4q\" role=\"heading\" aria-level=\"4\" data-ux=\"ContentHeading\" data-aid=\"ABOUT_HEADLINE_RENDERED1\" data-typography=\"HeadingAlpha\" data-font-scaled=\"true\">Costa Rica<\/li><li class=\"x-el x-el-h4 c1-1 c1-2 c1-1o c1-1p c1-4h c1-4i c1-4j c1-27 c1-28 c1-1h c1-5i c1-4l c1-1y c1-4n c1-4o c1-4p c1-4q\" role=\"heading\" aria-level=\"4\" data-ux=\"ContentHeading\" data-aid=\"ABOUT_HEADLINE_RENDERED1\" data-typography=\"HeadingAlpha\" data-font-scaled=\"true\">Ecuador<\/li><li class=\"x-el x-el-h4 c1-1 c1-2 c1-1o c1-1p c1-4h c1-4i c1-4j c1-27 c1-28 c1-1h c1-5i c1-4l c1-1y c1-4n c1-4o c1-4p c1-4q\" role=\"heading\" aria-level=\"4\" data-ux=\"ContentHeading\" data-aid=\"ABOUT_HEADLINE_RENDERED1\" data-typography=\"HeadingAlpha\" data-font-scaled=\"true\">Nicaragua<\/li><li class=\"x-el x-el-h4 c1-1 c1-2 c1-1o c1-1p c1-4h c1-4i c1-4j c1-27 c1-28 c1-1h c1-5i c1-4l c1-1y c1-4n c1-4o c1-4p c1-4q\" role=\"heading\" aria-level=\"4\" data-ux=\"ContentHeading\" data-aid=\"ABOUT_HEADLINE_RENDERED1\" data-typography=\"HeadingAlpha\" data-font-scaled=\"true\">Panama<\/li><li class=\"x-el x-el-h4 c1-1 c1-2 c1-1o c1-1p c1-4h c1-4i c1-4j c1-27 c1-28 c1-1h c1-5i c1-4l c1-1y c1-4n c1-4o c1-4p c1-4q\" role=\"heading\" aria-level=\"4\" data-ux=\"ContentHeading\" data-aid=\"ABOUT_HEADLINE_RENDERED1\" data-typography=\"HeadingAlpha\" data-font-scaled=\"true\">Peru<\/li><\/ul>\t\t\t\t\t\t\t\t<\/div>\n\t\t\t\t<\/div>\n\t\t\t\t<\/div>\n\t\t\t\t\t<\/div>\n\t\t\t\t<\/div>\n\t\t<div class=\"elementor-element elementor-element-73e0dcf e-flex e-con-boxed e-con e-parent\" data-id=\"73e0dcf\" data-element_type=\"container\" data-e-type=\"container\">\n\t\t\t\t\t<div class=\"e-con-inner\">\n\t\t<div class=\"elementor-element elementor-element-9e41444 e-con-full e-flex e-con e-child\" data-id=\"9e41444\" data-element_type=\"container\" data-e-type=\"container\">\n\t\t\t\t<div class=\"elementor-element elementor-element-b4dffae elementor-widget elementor-widget-heading\" data-id=\"b4dffae\" data-element_type=\"widget\" data-e-type=\"widget\" data-widget_type=\"heading.default\">\n\t\t\t\t<div class=\"elementor-widget-container\">\n\t\t\t\t\t<h2 class=\"elementor-heading-title elementor-size-default\">Unsere Werte<\/h2>\t\t\t\t<\/div>\n\t\t\t\t<\/div>\n\t\t\t\t<div class=\"elementor-element elementor-element-65fc123 elementor-widget elementor-widget-text-editor\" data-id=\"65fc123\" data-element_type=\"widget\" data-e-type=\"widget\" data-widget_type=\"text-editor.default\">\n\t\t\t\t<div class=\"elementor-widget-container\">\n\t\t\t\t\t\t\t\t\t<p><strong class=\"x-el x-el-span c1-7o c1-1m c1-b c1-7p c1-5m c1-7q c1-7r\">Xperience(s)\u00a0<\/strong><\/p><p>Unser Team erfahrener Spezialisten gew\u00e4hrleistet optimale L\u00f6sungen und Verhandlungen. Wir bieten die besten lokalen Erlebnisse, die auf Ihre spezifischen Anforderungen und die Bed\u00fcrfnisse Ihrer Kunden zugeschnitten sind.<\/p><p><strong class=\"x-el x-el-span c1-7o c1-1m c1-b c1-7p c1-5m c1-7q c1-7r\">Xpertise\u00a0<\/strong><\/p><p>Wir verstehen die Anforderungen und Erwartungen der europ\u00e4ischen Kunden, sei es, dass sie franz\u00f6sisch-, englisch-, spanisch-, portugiesisch-, italienisch- oder deutschsprachig sind.<\/p><p><strong class=\"x-el x-el-span c1-7o c1-1m c1-b c1-7p c1-5m c1-7q c1-7r\">Xcellence<\/strong><\/p><p>Wir streben kontinuierlich nach Exzellenz in unseren Beziehungen zu unseren Kunden, Partnern, Lieferanten und Kollegen, sowohl in unserer Reaktionsf\u00e4higkeit als auch in unserer Leistung. Wir verpflichten uns zu einer Zusammenarbeit auf der Grundlage von Gleichberechtigung und glauben an Werte wie Loyalit\u00e4t und gegenseitige Unterst\u00fctzung.<\/p><p><strong class=\"x-el x-el-span c1-7o c1-1m c1-b c1-7p c1-5m c1-7q c1-7r\">Xploration\u00a0<\/strong><\/p><p>Unser Team bietet das Wesentliche auf bestm\u00f6gliche Weise an und wei\u00df, wie man Kontakte durch tiefgreifendes Wissen vor Ort und unsere lokalen B\u00fcros stimuliert. Spezifische Anfragen erfordern es, \u00fcber die Standards hinauszugehen und klassische Reisen aufzufrischen, um neue Kundensegmente anzusprechen.<\/p>\t\t\t\t\t\t\t\t<\/div>\n\t\t\t\t<\/div>\n\t\t\t\t<\/div>\n\t\t<div class=\"elementor-element elementor-element-c919dab e-con-full e-flex e-con e-child\" data-id=\"c919dab\" data-element_type=\"container\" data-e-type=\"container\">\n\t\t\t\t<div class=\"elementor-element elementor-element-0c29b7c dce_masking-none elementor-widget elementor-widget-image\" data-id=\"0c29b7c\" data-element_type=\"widget\" data-e-type=\"widget\" data-widget_type=\"image.default\">\n\t\t\t\t<div class=\"elementor-widget-container\">\n\t\t\t\t\t\t\t\t\t\t\t\t\t\t\t<img decoding=\"async\" width=\"1024\" height=\"1024\" src=\"https:\/\/cactustour.com\/cactustour\/wp-content\/uploads\/2024\/07\/latin-xplore-panama-1024x1024.jpg\" class=\"attachment-large size-large wp-image-2721\" alt=\"\" srcset=\"https:\/\/cactustour.com\/cactustour\/wp-content\/uploads\/2024\/07\/latin-xplore-panama-1024x1024.jpg 1024w, https:\/\/cactustour.com\/cactustour\/wp-content\/uploads\/2024\/07\/latin-xplore-panama-300x300.jpg 300w, https:\/\/cactustour.com\/cactustour\/wp-content\/uploads\/2024\/07\/latin-xplore-panama-150x150.jpg 150w, https:\/\/cactustour.com\/cactustour\/wp-content\/uploads\/2024\/07\/latin-xplore-panama-768x768.jpg 768w, https:\/\/cactustour.com\/cactustour\/wp-content\/uploads\/2024\/07\/latin-xplore-panama.jpg 1200w\" sizes=\"(max-width: 1024px) 100vw, 1024px\" \/>\t\t\t\t\t\t\t\t\t\t\t\t\t\t\t<\/div>\n\t\t\t\t<\/div>\n\t\t\t\t<\/div>\n\t\t\t\t\t<\/div>\n\t\t\t\t<\/div>\n\t\t\t\t<\/div>\n\t\t","protected":false},"excerpt":{"rendered":"<p>\u00dcber LatinXplore LatinXplore ist das Schwesterunternehmen von Go West Tours, einem Unternehmen, das 1992 von Stephan Forget gegr\u00fcndet wurde und heute einer der f\u00fchrenden Akteure in Europa auf dem Markt f\u00fcr eingehenden Tourismus in die USA und Kanada ist. Stephan Forget, der sowohl pers\u00f6nlich als auch beruflich erfahrene Reisende, ist auch sehr mit Lateinamerika verbunden. [&hellip;]<\/p>\n","protected":false},"author":1,"featured_media":0,"parent":0,"menu_order":0,"comment_status":"closed","ping_status":"closed","template":"","meta":{"site-sidebar-layout":"no-sidebar","site-content-layout":"page-builder","ast-site-content-layout":"full-width-container","site-content-style":"default","site-sidebar-style":"default","ast-global-header-display":"","ast-banner-title-visibility":"","ast-main-header-display":"","ast-hfb-above-header-display":"","ast-hfb-below-header-display":"","ast-hfb-mobile-header-display":"","site-post-title":"disabled","ast-breadcrumbs-content":"","ast-featured-img":"disabled","footer-sml-layout":"","ast-disable-related-posts":"","theme-transparent-header-meta":"","adv-header-id-meta":"","stick-header-meta":"","header-above-stick-meta":"","header-main-stick-meta":"","header-below-stick-meta":"","astra-migrate-meta-layouts":"set","ast-page-background-enabled":"default","ast-page-background-meta":{"desktop":{"background-color":"","background-image":"","background-repeat":"repeat","background-position":"center center","background-size":"auto","background-attachment":"scroll","background-type":"","background-media":"","overlay-type":"","overlay-color":"","overlay-opacity":"","overlay-gradient":""},"tablet":{"background-color":"","background-image":"","background-repeat":"repeat","background-position":"center center","background-size":"auto","background-attachment":"scroll","background-type":"","background-media":"","overlay-type":"","overlay-color":"","overlay-opacity":"","overlay-gradient":""},"mobile":{"background-color":"","background-image":"","background-repeat":"repeat","background-position":"center center","background-size":"auto","background-attachment":"scroll","background-type":"","background-media":"","overlay-type":"","overlay-color":"","overlay-opacity":"","overlay-gradient":""}},"ast-content-background-meta":{"desktop":{"background-color":"var(--ast-global-color-5)","background-image":"","background-repeat":"repeat","background-position":"center center","background-size":"auto","background-attachment":"scroll","background-type":"","background-media":"","overlay-type":"","overlay-color":"","overlay-opacity":"","overlay-gradient":""},"tablet":{"background-color":"var(--ast-global-color-5)","background-image":"","background-repeat":"repeat","background-position":"center center","background-size":"auto","background-attachment":"scroll","background-type":"","background-media":"","overlay-type":"","overlay-color":"","overlay-opacity":"","overlay-gradient":""},"mobile":{"background-color":"var(--ast-global-color-5)","background-image":"","background-repeat":"repeat","background-position":"center center","background-size":"auto","background-attachment":"scroll","background-type":"","background-media":"","overlay-type":"","overlay-color":"","overlay-opacity":"","overlay-gradient":""}},"footnotes":""},"folder":[68],"class_list":["post-3175","page","type-page","status-publish","hentry"],"_links":{"self":[{"href":"https:\/\/cactustour.com\/cactustour\/wp-json\/wp\/v2\/pages\/3175","targetHints":{"allow":["GET"]}}],"collection":[{"href":"https:\/\/cactustour.com\/cactustour\/wp-json\/wp\/v2\/pages"}],"about":[{"href":"https:\/\/cactustour.com\/cactustour\/wp-json\/wp\/v2\/types\/page"}],"author":[{"embeddable":true,"href":"https:\/\/cactustour.com\/cactustour\/wp-json\/wp\/v2\/users\/1"}],"replies":[{"embeddable":true,"href":"https:\/\/cactustour.com\/cactustour\/wp-json\/wp\/v2\/comments?post=3175"}],"version-history":[{"count":7,"href":"https:\/\/cactustour.com\/cactustour\/wp-json\/wp\/v2\/pages\/3175\/revisions"}],"predecessor-version":[{"id":3439,"href":"https:\/\/cactustour.com\/cactustour\/wp-json\/wp\/v2\/pages\/3175\/revisions\/3439"}],"wp:attachment":[{"href":"https:\/\/cactustour.com\/cactustour\/wp-json\/wp\/v2\/media?parent=3175"}],"wp:term":[{"taxonomy":"folder","embeddable":true,"href":"https:\/\/cactustour.com\/cactustour\/wp-json\/wp\/v2\/folder?post=3175"}],"curies":[{"name":"wp","href":"https:\/\/api.w.org\/{rel}","templated":true}]}}